igit of 143741979?
9
What is the units digit of 144648049?
9
What is the ten millions digit of 169349575?
6
What is the ten millions digit of 67215826?
6
What is the units digit of 222652077?
7
What is the hundred thousands digit of 17232693?
2
What is the ten thousands digit of 52490179?
9
What is the units digit of 84524612?
2
What is the units digit of 77577943?
3
What is the tens digit of 227571274?
7
What is the ten millions digit of 3442713016?
4
What is the ten millions digit of 58118263?
5
What is the ten millions digit of 174261968?
7
What is the tens digit of 109644149?
4
What is the hundreds digit of 132251118?
1
What is the ten millions digit of 52924111?
5
What is the hundreds digit of 27442508?
5
What is the ten millions digit of 6105569997?
0
What is the thousands digit of 103298297?
8
What is the tens digit of 50726792?
9
What is the units digit of 19879198?
8
What is the millions digit of 160773348?
0
What is the thousands digit of 27760697?
0
What is the hundred thousands digit of 141436043?
4
What is the hundreds digit of 1622617798?
7
What is the hundred thousands digit of 243580706?
5
What is the ten millions digit of 76375126?
7
What is the millions digit of 304782949?
4
What is the hundred thousands digit of 151319949?
3
What is the ten millions digit of 135886736?
3
What is the ten millions digit of 71435481?
7
What is the ten thousands digit of 1001282405?
8
What is the hundred thousands digit of 6325061482?
0
What is the hundreds digit of 579743265?
2
What is the hundred millions digit of 173837855?
1
What is the tens digit of 1663316307?
0
What is the ten thousands digit of 527659081?
5
What is the ten thousands digit of 24278842?
7
What is the millions digit of 44144656?
4
What is the thousands digit of 271972138?
2
What is the billions digit of 1557588793?
1
What is the ten thousands digit of 6480833?
8
What is the hundreds digit of 768261270?
2
What is the millions digit of 2687276063?
7
What is the tens digit of 32450311?
1
What is the hundreds digit of 1374288612?
6
What is the hundreds digit of 331587841?
8
What is the tens digit of 1699578866?
6
What is the tens digit of 110847846?
4
What is the ten millions digit of 155013518?
5
What is the millions digit of 210252402?
0
What is the units digit of 201325041?
1
What is the hundred thousands digit of 468185324?
1
What is the hundred thousands digit of 50559371?
5
What is the hundreds digit of 64972989?
9
What is the hundred millions digit of 4374083794?
3
What is the hundred millions digit of 706553454?
7
What is the thousands digit of 45678773?
8
What is the units digit of 1245125815?
5
What is the hundred thousands digit of 42178006?
1
What is the hundred thousands digit of 2790494939?
4
What is the millions digit of 4547312936?
7
What is the units digit of 469927036?
6
What is the hundred thousands digit of 609715607?
7
What is the units digit of 48569850?
0
What is the tens digit of 8434374720?
2
What is the units digit of 58413611?
1
What is the hundred millions digit of 1173520611?
1
What is the units digit of 67263497?
7
What is the millions digit of 86660723?
6
What is the millions digit of 177475225?
7
What is the thousands digit of 486612?
6
What is the hundred thousands digit of 306026805?
0
What is the billions digit of 1387642761?
1
What is the ten millions digit of 1157457909?
5
What is the hundreds digit of 6724873157?
1
What is the units digit of 33366133?
3
What is the billions digit of 2016551724?
2
What is the hundred millions digit of 1049360558?
0
What is the ten millions digit of 118148097?
1
What is the ten millions digit of 500601763?
0
What is the ten thousands digit of 115219985?
1
What is the hundreds digit of 64409970?
9
What is the hundred thousands digit of 134629230?
6
What is the hundred thousands digit of 7495734036?
7
What is the units digit of 24068678?
8
What is the hundred millions digit of 3499864215?
4
What is the tens digit of 525612615?
1
What is the hundred millions digit of 136819608?
1
What is the tens digit of 21859225?
2
What is the ten millions digit of 37370432?
3
What is the units digit of 1362299119?
9
What is the millions digit of 41135043?
1
What is the units digit of 242605329?
9
What is the billions digit of 1516952609?
1
What is the tens digit of 12657948?
4
What is the hundred millions digit of 859525118?
8
What is the hundred thousands digit of 1933086514?
0
What is the units digit of 349059135?
5
What is the hundred thousands digit of 242922052?
9
What is the tens digit of 46980744?
4
What is the thousands digit of 769127952?
7
What is the ten millions digit of 123957262?
2
What is the millions digit of 283400820?
3
What is the hundred thousands digit of 899938661?
9
What is the billions digit of 1653178642?
1
What is the units digit of 769572063?
3
What is the thousands digit of 325274032?
4
What is the ten millions digit of 130247730?
3
What is the thousands digit of 516084016?
4
What is the millions digit of 2103143565?
3
What is the thousands digit of 44640862?
0
What is the units digit of 626654752?
2
What is the millions digit of 8390226033?
0
What is the millions digit of 43025771?
3
What is the units digit of 40979768?
8
What is the billions digit of 1903399939?
1
What is the hundred thousands digit of 1442537000?
5
What is the hundred millions digit of 233352964?
2
What is the hundred thousands digit of 1048922622?
9
What is the ten millions digit of 1479109717?
7
What is the tens digit of 213338161?
6
What is the thousands digit of 243022149?
2
What is the ten millions digit of 16413743?
1
What is the thousands digit of 1484775140?
5
What is the thousands digit of 1711300649?
0
What is the hundred thousands digit of 6332343902?
3
What is the ten millions digit of 292621976?
9
What is the ten thousands digit of 7628688?
2
What is the ten thousands digit of 125142249?
4
What is the hundred millions digit of 1459003453?
4
What is the ten millions digit of 176197294?
7
What is the millions digit of 2177723578?
7
What is the ten millions digit of 10087529?
1
What is the millions digit of 52083118?
2
What is the ten thousands digit of 15810878?
1
What is the thousands digit of 825039042?
9
What is the millions digit of 3746759117?
6
What is the hundred thousands digit of 42664526?
6
What is the hundred millions digit of 1686926217?
6
What is the ten thousands digit of 203385800?
8
What is the units digit of 263741805?
5
What is the ten millions digit of 42676503?
4
What is the thousands digit of 20032621?
2
What is the hundred millions digit of 379198147?
3
What is the units digit of 6236686249?
9
What is the ten thousands digit of 871639174?
3
What is the tens digit of 1950785207?
0
What is the thousands digit of 2693710961?
0
What is the thousands digit of 40428549?
8
What is the ten millions digit of 185845457?
8
What is the millions digit of 1065028982?
5
What is the millions digit of 1202633874?
2
What is the ten thousands digit of 23253842?
5
What is the ten thousands digit of 1486086515?
8
What is the hundred millions digit of 1235740039?
2
What is the ten thousands digit of 180754706?
5
What is the tens digit of 415468149?
4
What is the hundreds digit of 2692821075?
0
What is the tens digit of 11922627?
2
What is the millions digit of 896952150?
6
What is the hundred thousands digit of 182958676?
9
What is the millions digit of 540467288?
0
What is the hundreds digit of 149479442?
4
What is the hundreds digit of 5069795212?
2
What is the hundred millions digit of 7219934999?
2
What is the ten millions digit of 253443191?
5
What is the hundred millions digit of 883861291?
8
What is the ten millions digit of 237791974?
3
What is the hundreds digit of 1073324181?
1
What is the tens digit of 33942921?
2
What is the ten thousands digit of 592971034?
7
What is the ten millions digit of 308346532?
0
What is the hundred thousands digit of 3154924750?
9
What is the hundred thousands digit of 3251290?
2
What is the hundreds digit of 36519670?
6
What is the units digit of 1624877974?
4
What is the hundred thousands digit of 3927952215?
9
What is the millions digit of 39777307?
9
What is the hundred thousands digit of 471975933?
9
What is the hundreds digit of 311650204?
2
What is the hundred thousa